at is the remainder when 833 is divided by 22?
19
Calculate the remainder when 75 is divided by 9.
3
Calculate the remainder when 147 is divided by 6.
3
What is the remainder when 42 is divided by 31?
11
What is the remainder when 509 is divided by 3?
2
What is the remainder when 146 is divided by 38?
32
Calculate the remainder when 766 is divided by 6.
4
What is the remainder when 3540 is divided by 142?
132
Calculate the remainder when 41 is divided by 13.
2
Calculate the remainder when 676 is divided by 68.
64
Calculate the remainder when 85 is divided by 18.
13
What is the remainder when 80 is divided by 43?
37
What is the remainder when 2494 is divided by 96?
94
What is the remainder when 455 is divided by 8?
7
Calculate the remainder when 5144 is divided by 41.
19
Calculate the remainder when 144 is divided by 47.
3
Calculate the remainder when 2205 is divided by 18.
9
Calculate the remainder when 77 is divided by 10.
7
Calculate the remainder when 106 is divided by 12.
10
Calculate the remainder when 395 is divided by 9.
8
Calculate the remainder when 167 is divided by 53.
8
What is the remainder when 837 is divided by 163?
22
Calculate the remainder when 206 is divided by 12.
2
Calculate the remainder when 719 is divided by 258.
203
Calculate the remainder when 10 is divided by 5.
0
Calculate the remainder when 110 is divided by 99.
11
Calculate the remainder when 126 is divided by 47.
32
What is the remainder when 77 is divided by 6?
5
What is the remainder when 289 is divided by 96?
1
Calculate the remainder when 21 is divided by 5.
1
What is the remainder when 182 is divided by 27?
20
What is the remainder when 2074 is divided by 2059?
15
Calculate the remainder when 305 is divided by 9.
8
Calculate the remainder when 739 is divided by 54.
37
Calculate the remainder when 764 is divided by 32.
28
Calculate the remainder when 165 is divided by 24.
21
What is the remainder when 522 is divided by 59?
50
What is the remainder when 3316 is divided by 20?
16
What is the remainder when 367 is divided by 37?
34
Calculate the remainder when 1292 is divided by 227.
157
Calculate the remainder when 224 is divided by 58.
50
What is the remainder when 227 is divided by 42?
17
Calculate the remainder when 682 is divided by 18.
16
What is the remainder when 325 is divided by 56?
45
Calculate the remainder when 221 is divided by 28.
25
What is the remainder when 631 is divided by 159?
154
What is the remainder when 332 is divided by 37?
36
Calculate the remainder when 1067 is divided by 102.
47
What is the remainder when 1165 is divided by 18?
13
Calculate the remainder when 137 is divided by 48.
41
What is the remainder when 151 is divided by 13?
8
What is the remainder when 410 is divided by 194?
22
What is the remainder when 310 is divided by 78?
76
What is the remainder when 617 is divided by 120?
17
Calculate the remainder when 171 is divided by 91.
80
What is the remainder when 223 is divided by 46?
39
What is the remainder when 127 is divided by 26?
23
What is the remainder when 449 is divided by 9?
8
Calculate the remainder when 105 is divided by 59.
46
Calculate the remainder when 308 is divided by 15.
8
Calculate the remainder when 43 is divided by 13.
4
Calculate the remainder when 120 is divided by 43.
34
Calculate the remainder when 334 is divided by 104.
22
Calculate the remainder when 6035 is divided by 12.
11
Calculate the remainder when 266 is divided by 71.
53
Calculate the remainder when 959 is divided by 48.
47
What is the remainder when 234 is divided by 124?
110
What is the remainder when 46 is divided by 21?
4
What is the remainder when 351 is divided by 139?
73
What is the remainder when 6584 is divided by 227?
1
What is the remainder when 18646 is divided by 42?
40
Calculate the remainder when 544 is divided by 132.
16
What is the remainder when 44 is divided by 44?
0
What is the remainder when 619 is divided by 40?
19
What is the remainder when 106 is divided by 55?
51
What is the remainder when 1927 is divided by 6?
1
Calculate the remainder when 1328 is divided by 74.
70
What is the remainder when 2077 is divided by 113?
43
Calculate the remainder when 330 is divided by 90.
60
Calculate the remainder when 691 is divided by 105.
61
Calculate the remainder when 388 is divided by 108.
64
What is the remainder when 5109 is divided by 72?
69
What is the remainder when 1443 is divided by 721?
1
Calculate the remainder when 40 is divided by 31.
9
What is the remainder when 1854 is divided by 271?
228
What is the remainder when 37959 is divided by 19?
16
What is the remainder when 334 is divided by 52?
22
What is the remainder when 257 is divided by 27?
14
What is the remainder when 61 is divided by 19?
4
What is the remainder when 4839 is divided by 2418?
3
Calculate the remainder when 505 is divided by 102.
97
What is the remainder when 2210 is divided by 277?
271
Calculate the remainder when 439 is divided by 49.
47
What is the remainder when 15179 is divided by 62?
51
Calculate the remainder when 66 is divided by 66.
0
Calculate the remainder when 276 is divided by 29.
15
What is the remainder when 3698 is divided by 924?
2
What is the remainder when 1467 is divided by 37?
24
Calculate the remainder when 1301 is divided by 185.
6
Calculate the remainder when 404 is divided by 94.
28
What is the remainder when 342 is divided by 120?
102
Calculate the remainder when 272 is divided by 103.
66
What is the remainder when 766 is divided by 25?
16
What is the remainder when 274 is divided by 140?
134
Calculate the remainder when 2927 is divided by 22.
1
Calculate the remainder when 910 is divided by 54.
46
Calculate the remainder when 403 is divided by 24.
19
What is the remainder when 386 is divided by 5?
1
Calculate the remainder when 218 is divided by 23.
11
Calculate the remainder when 108 is divided by 10.
8
What is the remainder when 606 is divided by 122?
118
Calculate the remainder when 608 is divided by 213.
182
What is the remainder when 170 is divided by 10?
0
What is the remainder when 301 is divided by 141?
19
Calculate the remainder when 63 is divided by 33.
30
What is the remainder when 121 is divided by 31?
28
Calculate the remainder when 815 is divided by 116.
3
Calculate the remainder when 72 is divided by 18.
0
What is the remainder when 39 is divided by 37?
2
What is the remainder when 1944 is divided by 139?
137
What is the remainder when 934 is divided by 36?
34
What is the remainder when 373 is divided by 29?
25
What is the remainder when 872 is divided by 225?
197
Calculate the remainder when 945 is divided by 224.
49
Calculate the remainder when 35 is divided by 11.
2
Calculate the remainder when 357 is divided by 60.
57
Calculate the remainder when 1010 is divided by 45.
20
What is the remainder when 1589 is divided by 21?
14
What is the remainder when 2385 is divided by 161?
131
What is the remainder when 156 is divided by 40?
36
What is the remainder when 773 is divided by 317?
139
What is the remainder when 1291 is divided by 34?
33
Calculate the remainder when 22486 is divided by 65.
61
Calculate the remainder when 1544 is divided by 26.
10
Calculate the remainder when 1470 is divided by 185.
175
What is the remainder when 207 is divided by 94?
19
Calculate the remainder when 431 is divided by 48.
47
Calculate the remainder when 1923 is divided by 13.
12
What is the remainder when 3149 is divided by 150?
149
What is the remainder when 640 is divided by 86?
38
Calculate the remainder when 1524 is divided by 252.
12
What is the remainder when 4325 is divided by 14?
13
Calculate the remainder when 2955 is divided by 34.
31
Calculate the remainder when 3098 is divided by 1032.
2
Calculate the remainder when 35 is divided by 30.
5
Calculate the remainder when 503 is divided by 71.
6
What is the remainder when 2098 is divided by 29?
10
What is the remainder when 229 is divided by 2?
1
What is the remainder when 61 is divided by 13?
9
Calculate the remainder when 153 is divided by 30.
3
Calculate the remainder when 322 is divided by 27.
25
What is the remainder when 16566 is divided by 21?
18
What is the remainder when 1012 is divided by 13?
11
What is the remainder when 647 is divided by 11?
9
What is th